lse
Is 527 a factor of 203820?
False
Does 363 divide 10247829?
False
Is 17 a factor of 303098?
False
Is 220841 a multiple of 7?
False
Is 14 a factor of 160580?
True
Does 43 divide 264622?
True
Is 165 a factor of 364320?
True
Does 42 divide 7625604?
True
Is 15 a factor of 501045?
True
Is 207 a factor of 379431?
True
Is 64 a factor of 600704?
True
Does 7 divide 344109?
False
Is 28 a factor of 480368?
True
Is 1370005 a multiple of 12?
False
Does 12 divide 16212?
True
Is 71145 a multiple of 17?
True
Does 51 divide 4335?
True
Is 202139 a multiple of 97?
False
Does 211 divide 5579895?
True
Is 5217 a multiple of 191?
False
Does 23 divide 374877?
True
Is 8022454 a multiple of 95?
False
Does 4 divide 2060?
True
Is 3618043 a multiple of 143?
True
Does 638 divide 3471996?
True
Is 160 a factor of 404480?
True
Is 71 a factor of 808409?
False
Is 2050490 a multiple of 6?
False
Does 39 divide 96525?
True
Does 30 divide 302070?
True
Is 45241 a multiple of 23?
True
Does 671 divide 1856381?
False
Is 91 a factor of 273637?
True
Does 214 divide 347108?
True
Is 69 a factor of 2942641?
False
Does 234 divide 30481542?
True
Does 26 divide 109824?
True
Is 56 a factor of 487347?
False
Is 100230 a multiple of 26?
True
Is 934 a factor of 641393?
False
Is 1070595 a multiple of 14?
False
Does 42 divide 6793752?
True
Is 185203 a multiple of 167?
True
Does 44 divide 107976?
True
Is 119 a factor of 384933?
False
Is 5680400 a multiple of 88?
True
Is 197 a factor of 450736?
True
Is 116 a factor of 616119?
False
Does 11 divide 729795?
True
Is 97 a factor of 1463536?
True
Is 19 a factor of 343444?
True
Is 55 a factor of 217470?
True
Is 20 a factor of 91740?
True
Is 701473 even?
False
Is 1073680 a multiple of 80?
True
Does 68 divide 906779?
False
Is 15 a factor of 2844920?
False
Is 5838 a multiple of 14?
True
Is 185 a factor of 18690357?
False
Is 222 a factor of 1289200?
False
Is 5664431 a multiple of 7?
False
Is 13876074 a multiple of 68?
False
Is 19 a factor of 759900?
False
Is 39805 a multiple of 37?
False
Is 33 a factor of 63030?
True
Is 38 a factor of 1712432?
True
Is 779350 a multiple of 22?
True
Is 801844 a multiple of 44?
False
Is 4 a factor of 90562?
False
Is 37 a factor of 417286?
True
Is 628 a factor of 2421521?
False
Does 88 divide 22046288?
True
Is 251 a factor of 201753?
False
Is 62086 a multiple of 2?
True
Is 9114605 a multiple of 485?
True
Is 115 a factor of 923466?
False
Is 43725 a multiple of 265?
True
Does 137 divide 2173187?
False
Is 54 a factor of 2756113?
False
Does 7 divide 129598?
True
Does 13 divide 10092680?
True
Does 28 divide 349494?
False
Is 12287158 a multiple of 463?
False
Is 6 a factor of 1252499?
False
Does 17 divide 24559288?
True
Is 150979 a multiple of 321?
False
Does 192 divide 378558?
False
Is 52 a factor of 483475?
False
Is 964680 a multiple of 8?
True
Is 81 a factor of 3286377?
False
Is 103720 a multiple of 15?
False
Is 70 a factor of 140770?
True
Is 167092 a multiple of 148?
True
Is 666 a factor of 21808836?
True
Does 264 divide 9831096?
True
Is 273 a factor of 5733?
True
Is 2022940 a multiple of 82?
True
Is 145 a factor of 209960?
True
Is 443 a factor of 667601?
True
Is 232031 a multiple of 457?
False
Is 78584 a multiple of 152?
True
Does 51 divide 14937?
False
Is 13208735 a multiple of 19?
False
Does 120 divide 7633601?
False
Is 128 a factor of 57551?
False
Is 3 a factor of 17304?
True
Does 58 divide 12006?
True
Does 1001 divide 5195046?
False
Is 2 a factor of 38693?
False
Does 13 divide 10375904?
False
Is 56 a factor of 1110592?
True
Is 110133 a multiple of 2?
False
Is 15 a factor of 2467695?
True
Is 2424039 a multiple of 437?
True
Does 29 divide 130094?
True
Is 276937 a multiple of 61?
False
Does 19 divide 132563?
True
Is 5653107 a multiple of 1201?
True
Does 176 divide 386672?
True
Is 616 a factor of 498712?
False
Is 82 a factor of 292822?
True
Is 12 a factor of 3799052?
False
Is 9 a factor of 122229?
True
Is 7 a factor of 2289885?
False
Does 164 divide 11507159?
False
Is 211718 a multiple of 221?
True
Does 853 divide 87006?
True
Does 114 divide 1195404?
True
Is 10 a factor of 131190?
True
Is 2 a factor of 1051106?
True
Is 273 a factor of 4413045?
True
Is 38001 a multiple of 159?
True
Does 17 divide 4315051?
False
Is 513 a factor of 508383?
True
Does 175 divide 245350?
True
Does 23 divide 228619?
False
Does 94 divide 2720360?
True
Is 12 a factor of 314766?
False
Is 486 a factor of 55890?
True
Does 22 divide 261524?
False
Does 94 divide 1511253?
False
Is 12 a factor of 3015720?
True
Does 16 divide 231759?
False
Does 5 divide 2927150?
True
Is 18361819 a multiple of 17?
True
Does 7 divide 8734?
False
Does 164 divide 3613346?
False
Does 245 divide 938595?
True
Does 123 divide 194369?
False
Is 8 a factor of 375848?
True
Does 389 divide 254795?
True
Does 582 divide 257168?
False
Is 11 a factor of 120109?
True
Is 14 a factor of 1790659?
False
Is 1187892 a multiple of 2?
True
Is 17 a factor of 5548?
False
Is 34709 a multiple of 6?
False
Is 153973 a multiple of 33?
False
Is 29 a factor of 1245608?
True
Is 550602 a multiple of 362?
True
Is 55 a factor of 3317875?
True
Is 148296 a multiple of 221?
False
Is 41435 a multiple of 317?
False
Is 21 a factor of 1954112?
False
Does 76 divide 306052?
True
Does 56 divide 6558048?
True
Does 15 divide 145320?
True
Is 530 a factor of 87372?
False
Is 20592264 a multiple of 1848?
True
Is 8650005 a multiple of 194?
False
Does 20 divide 30106080?
True
Does 2 divide 2303?
False
Does 57 divide 97169?
False
Is 3284 a multiple of 11?
False
Does 1037 divide 5702463?
True
Does 23 divide 267053?
True
Is 119 a factor of 100344?
False
Is 2 a factor of 106381?
False
Is 5 a factor of 225485?
True
Is 68 a factor of 336872?
True
Does 88 divide 66505?
False
Is 257 a factor of 442322?
False
Does 10 divide 19307610?
True
Is 3 a factor of 116721?
True
Does 11 divide 873158?
True
Is 29798648 a multiple of 2206?
True
Is 61177 a multiple of 25?
False
Does 41 divide 2948067?
False
Is 123 a factor of 37269?
True
Is 32491 a multiple of 39?
False
Is 470879 a multiple of 8?
False
Does 24 divide 190080?
True
Is 112489 a multiple of 17?
True
Is 560 a factor of 908880?
True
Does 31 divide 17018?
False
Does 98 divide 1180852?
False
Does 222 divide 310134?
True
Is 57 a factor of 147763?
False
Is 102336 a multiple of 52?
True
Does 321 divide 1096933?
False
Does 72 divide 559800?
True
Is 43 a factor of 1796282?
True
Does 103 divide 75602?
True
Is 4108396 a multiple of 359?
True
Is 5012894 a multiple of 181?
False
Is 2 a factor of 53847?
False
Is 1006924 a multiple of 120?
False
Is 236 a factor of 352348?
True
Does 679 divide 544041?
False
Does 12 divide 1499533?
False
Is 317 a factor of 134620?
False
Is 3916940 a multiple of 17?
False
Is 1608748 a multiple of 523?
True
Does 536 divide 266985?
False
Is 44 a factor of 97944?
True
Is 1551609 a multiple of 111?
False
Is 32700 a multiple of 120?
False
Does 132 divide 1020228?
True
Does 134 divide 9076065?
False
Is 6 a factor of 47598?
True
Does 11 divide 375441?
True
Is 43846 a multiple of 11?
True
Is 884 a factor of 69836?
True
Is 4 a factor of 124093?
False
Is 769 a factor of 15969054?
True
Is 163 a factor of 699596?
True
Is 1098642 a multiple of 51?
True
Does 217 divide 266538?
False
Is 44 a factor of 413556?
True
Does 142 divide 183854?
False
Is 784 a factor of 4939861?
False
Does 19 divide 409761?
False
Does 139 divide 1983286?
False
Is 433 a factor of 3729862?
True
Is 769133 a multiple of 21?
False
Does 24 divide 351093?
False
Is 1623 a factor of 14528659?
False
Does 11 divide 3331790?
True
Is 165 a factor of 1552402?
False
Is 276232 a multiple of 22?
True
Is 4 a factor of 74415?
False
Is 384 a factor of 7960260?
False
Does 8 divide 840956?
False
Is 929644 a multiple of 5?
False
Is 839020 a multiple of 966?
False
Is 31 a factor of 770849?
False
Is 8 a factor of 3728?
True
Is 26 a factor of 648856?
True
Is 18 a factor of 232993?
False
Does 383 divide 692589?
False
Does 1634 divide 16253398?
True
Is 1019235 a multiple of 51?
True
Is 246960 a multiple of 6?
True
Is 4887129 a multiple of 13?
True
Is 35943 a multiple of 15?
False
Is 5 a factor of 1235?
True
Is 18 a factor of 279622?
False
Is 4 a factor of 221484?
True
Is 1369413 a multiple of 201?
True
Does 11 divide 59686?
True
Is 143 a factor